4/24 + n**3/3 - 5*n**2. Give r(-2).
-4
Let d(w) = 3*w**3 - 2*w**2 + 1. Let i be (4/1)/12*-3. Determine d(i).
-4
Let p(n) = 3*n. Let u be (-3)/(-18) - (-166)/12. Suppose -18 = -2*q - 8, 3*k + 4*q = u. Determine p(k).
-6
Let v = 48 - 47. Let g(m) = 5*m. Calculate g(v).
5
Let q(u) = u**3 - 6*u**2 - 16*u - 5. Let t be q(8). Let w(d) = -d**3 - 5*d**2 - 2*d - 1. Determine w(t).
9
Let n(z) = -z**3 - 5*z**2 - 2*z + 1. Let m(u) be the third derivative of u**4/24 + 7*u**3/6 - 4*u**2. Let b be m(-11). Determine n(b).
-7
Let y(w) = -w**3 - w**2 + 3*w - 1. Let i be 12/(-9)*(-3 + 0). Let p(o) = -o. Let t be p(i). Let r be -1*(-2)/(-4)*t. Determine y(r).
-7
Let r(f) = -3*f**2 - 7 + f**2 - 1 + 19*f. Let g(w) = -w**2 + 9*w - 4. Let o(x) = 7*g(x) - 3*r(x). Let b = 98 - 94. Determine o(b).
4
Suppose -3 = 3*l - 4*l. Suppose l*y - 4*c + 2 = -4, -c = 4*y + 8. Let k(s) = -6*s - 2. Calculate k(y).
10
Let l(p) = 6*p + 1. Let x(z) = 7*z + 1. Let v(w) = -6*l(w) + 5*x(w). Let u be ((-2)/4)/(1/(-4)). Calculate v(u).
-3
Let d(c) = -c + 3. Let v(f) = f**3 - f**2 + f + 4. Let g be v(0). Let r(w) = -w + 4. Let m(j) = g*r(j) - 5*d(j). Calculate m(-5).
-4
Let c(d) = -d**3 - 8*d**2 - 10*d - 13. Let k be c(-7). Let t(i) = -i**2 + 8*i + 8. Give t(k).
8
Let v(u) = u + 9. Suppose 3*p + 0*l - 8 = -2*l, 2*p + 20 = 5*l. Give v(p).
9
Let k(y) = -y + 1. Suppose -10*a = 8*a - 18. Determine k(a).
0
Let i(y) = -3*y**3 + 9*y**2 - 7*y - 14. Let t(k) = -2*k**3 + 4*k**2 - 4*k - 7. Let d(h) = -3*i(h) + 5*t(h). Determine d(-7).
0
Let h(z) = -z**3 + 8*z**2 - 7*z - 1. Let c(t) = t + 4. Let r be c(3). What is h(r)?
-1
Suppose 2*w + 0*w - 5*v = -4, -3*w - 1 = -5*v. Let u(t) = -2*t - t - 2 - t**w + 0*t**2 - 4*t**2 + 2*t. Give u(-3).
-8
Suppose 0 = -5*i - 5. Let c(m) = m + 2 + 2*m + 5*m - 3. What is c(i)?
-9
Let o(f) = -f**2 - f + 10. Suppose -4*l + 20 = -l - 4*s, 0 = 5*l + s + 5. Calculate o(l).
10
Suppose -5*k + 0*k + 4*y + 15 = 0, 16 = -k - 3*y. Let t = 9 + -11. Let a(z) = -5*z + 4. Let b(o) = 5*o - 3. Let j(f) = t*a(f) - 3*b(f). Calculate j(k).
6
Let t(o) = -o + 2. Let x be t(2). Let v(j) = -4*j + 0*j**2 + 2*j**2 + 1 - j**2 + x*j**2. What is v(2)?
-3
Let x(j) = 3*j. Let d be x(1). Suppose -d*t + 0 = -3. Let m(f) be the second derivative of f**3/6 + f**2/2 + 53*f. Calculate m(t).
2
Let t(w) = -6*w**3 - 11*w**2 - 6*w - 16. Let r(n) = -n**3 - 2*n**2 - n - 3. Let s(a) = 11*r(a) - 2*t(a). Give s(2).
9
Let m(j) = j + 1. Let d(g) = -1 - 5 + 5. Let z(c) = -2*d(c) - m(c). What is z(-5)?
6
Let h = 8 - 2. Let k(c) = -2*c - 3*c - 5 + 3*c + 4*c. Give k(h).
7
Suppose -u = 4*u - 15. Let b(p) = 3*p + 0*p**3 + 6*p**2 - 4*p + p**u - 4. Let i = 150 - 156. Calculate b(i).
2
Let s(n) be the third derivative of n**8/20160 + n**7/5040 - n**6/360 - 7*n**5/60 - 2*n**2. Let g(u) be the third derivative of s(u). What is g(3)?
10
Let h(n) = -8 + n + 3*n - 3*n. Let t = -33 + 39. Calculate h(t).
-2
Suppose -11*y - 30 = -6*y. Let a(i) = -2*i**3 - 14*i**2 - 21*i - 13. Let w(p) = -p**3 - 7*p**2 - 10*p - 6. Let z(v) = -4*a(v) + 9*w(v). Determine z(y).
-2
Let v(f) = 1. Let c(m) = 2*m - 1. Let b(x) = c(x) + 4*v(x). What is b(-2)?
-1
Let z(b) = -b**3 - 6*b**2 + 8*b + 8. Suppose 0 = 15*j - 10*j + 35. Give z(j).
1
Let l(t) = t**3 - 10*t**2 + 11*t - 12. Let g be (-4)/14 - 65/(-7). What is l(g)?
6
Let a(h) be the third derivative of h**4/24 + h**3/6 + 2*h**2. Give a(-2).
-1
Let v(q) = -65 + 27 + 31 - q. What is v(-5)?
-2
Let k(z) = -3*z**2 - 14*z + 16. Let q(n) = 4*n**2 + 15*n - 17. Let p(j) = -5*k(j) - 4*q(j). What is p(8)?
4
Let q be -1 + (3 - 0 - -2). Let r(k) = 2*k**3 - 3*k + 3*k**3 - q*k**2 + 5 - 4*k**3. Suppose 0 = -5*n - f + 17, 0*f - f - 19 = -4*n. Give r(n).
-7
Let x = 1 - 1. Let k(v) be the third derivative of 2*v**2 - 1/60*v**5 + 0*v**4 + 5/6*v**3 + 0 + 0*v. Determine k(x).
5
Let p(s) = -3*s. Let f(w) = -2*w**2 + w - 1. Let c be f(1). What is p(c)?
6
Suppose -s + 3 = 0, -3 = 2*d - 5*s + 6. Let j(z) = -z - 2. Let p be j(d). Let w(b) = 8*b + 2. Let o(c) = c - 1. Let t(a) = 5*o(a) - w(a). Determine t(p).
8
Let l be (-1 - 5) + 1 + 1. Let f(z) = -z**2 - 4*z + 0 + 4*z + 1. Let i(u) = 2*u**2 - 4*u. Let c(o) = -3*f(o) - i(o). What is c(l)?
-3
Let l = 16 - 23. Let m(q) = q**2 + 8*q + 8. Determine m(l).
1
Let u be -3 + 1 + 1 + -1. Let z(y) = -2*y**3 + 2*y**2 - 5*y - 1. Let w(p) = -p**3 - p. Suppose 0 = -0*q + 3*q + 3. Let b(v) = q*z(v) + 3*w(v). Calculate b(u).
-3
Let h(w) be the third derivative of -2*w**2 - 5/24*w**4 - 1/60*w**5 + 0 + 0*w - 7/6*w**3. Calculate h(-5).
-7
Let j = 6 - 5. Suppose -3*m + 11 = 2*x, j = 2*x + m - 4. Let d(y) = 3 + 3*y**2 + x - 2*y**2. Calculate d(0).
4
Let k(o) = -7*o**2 + 5*o + 15. Let d(t) = -t**2 + 1. Let l(h) = 6*d(h) - k(h). Let p(z) = 1. Let y(s) = -l(s) - 5*p(s). Calculate y(6).
-2
Let d(k) be the third derivative of -5*k**4/24 - 2*k**2 + 78. Let z be (1/(-2))/((-2)/12). Give d(z).
-15
Let b(s) be the second derivative of -s**5/20 + 7*s**4/12 - s**3 + s**2/2 - s. What is b(6)?
1
Suppose 0 = -z - 1 - 0. Let g(b) = b. Let v(d) = -d**3 - d**2 + 7*d - 4. Let c(a) = z*v(a) + 6*g(a). Let h be 1 + (1*-2 - -1). Determine c(h).
4
Suppose -3 - 2 = -5*b. Let j(p) be the first derivative of 10*p**3/3 + 3. Calculate j(b).
10
Let o(w) = -115*w**2 - w**3 - 3*w + 4*w - 3 + 117*w**2. What is o(3)?
-9
Let u(c) be the second derivative of c**4/12 + c**3/3 - 5*c**2/2 + 8*c. Give u(-4).
3
Let n(d) = 20 - 20 - d + 15*d**2. Let h be 4/(-6) + (-5)/(-3). Determine n(h).
14
Let m(q) = -q**3 - q. Suppose 2*z + 5*i + 2 = 0, 3*i - 2*i = -z - 1. Let t be m(z). Let y(u) = 0*u - 1 + u**2 - t + 3*u. Calculate y(-5).
7
Let m(c) be the first derivative of 0*c**4 + 1/2*c**2 + 1 - 7/60*c**5 + 0*c + 1/6*c**3. Let a(h) be the second derivative of m(h). Determine a(-1).
-6
Let k(m) = m. Suppose 0 = -4*u + 2*o - 26, 5*u - 2*u = -2*o - 9. Determine k(u).
-5
Let t(n) = -3*n**3 - 2*n**2 + 2*n - 1. Let v be 5 - (2/2 + -1). Suppose -v = -0*y - 5*y. What is t(y)?
-4
Let x(h) be the first derivative of 1/4*h**4 - 9 + 1/2*h**2 + h**3 + 0*h. Give x(-3).
-3
Suppose -3 = -z + 1. Suppose 4*b + 0 = -z. Let i(q) = -q. Determine i(b).
1
Let n(i) = i**3 + 15*i**2 - 11*i + 9. Let j(f) = f**3 + 16*f**2 - 11*f + 10. Let g(b) = 4*j(b) - 5*n(b). Determine g(-12).
7
Let m(t) = -12 - 2*t + 8 + t**2 - 5*t + 0*t**2. What is m(6)?
-10
Let s be (56/(-12))/((-6)/9). Let n(y) = -7*y - s*y - y**3 + 9*y - 5*y**2 + 1. Calculate n(-4).
5
Let l(w) be the third derivative of w**6/120 + 2*w**5/15 + 5*w**4/12 + 4*w**3/3 + w**2 + 6*w. Calculate l(-6).
20
Let q(l) = -l**3 - 2*l**2 - 3*l - 3. Suppose -h = -3*h. Let o be (-6)/(h + -1 + 2). Let n = o - -4. What is q(n)?
3
Let w = -2 + 6. Let r(q) = 6*q - 2*q**3 - 10*q**2 + w*q**2 - 6 + 3*q**3. Determine r(5).
-1
Suppose 3*o + 33 = 105. Suppose -x = y + 3*y - o, -5*x = -y - 15. Let m(b) = 3*b + y*b + b**2 - b + 4. Give m(-5).
-6
Let p(u) = -u**3 - 6*u**2 - 5*u + 2. Let h be p(-5). Let c(m) be the first derivative of m**2/2 - 4*m - 2. Calculate c(h).
-2
Let y(h) be the third derivative of 11*h**6/120 - h**5/30 + h**4/24 + 4*h**2. Give y(1).
10
Let g(q) = 3*q**2 - q + 18. Let b(h) = h**2 + 6. Let x(s) = 11*b(s) - 4*g(s). Give x(5).
-11
Suppose -3*v - 3*o = -0*v, -5*v = -3*o + 32. Let q(h) be the third derivative of 0*h + 1/24*h**4 + 3*h**2 + 0 - 2/3*h**3. Determine q(v).
-8
Let s(f) be the first derivative of -f**3/3 + 2*f**2 + 5*f - 3. Calculate s(5).
0
Let q(d) be the first derivative of 5*d**2/2 - 2*d + 13. Determine q(2).
8
Let i(g) = g - 6. Let d(z) be the second derivative of -z**5/20 + z**4/12 + 5*z**2/2 + 3*z. Let o be d(0). Determine i(o).
-1
Suppose 196*s - 193*s - 3 = 0. Let n(i) be the second derivative of -i**4/12 + i**3/6 - i. Give n(s).
0
Let y(g) = -g. Let q(z) = z**2. Let x be q(1). Let m(k) = -8*k - 1. Let i(c) = x*m(c) + 5*y(c). Determine i(-1).
12
Let z = -4 - -7. Let u(s) be the third derivative of -s**6/120 + s**5/15 - s**4/24 + s**2 - 40*s. Give u(z).
6
Suppose -b + 2 = -l - 0*b, b = 4. Let r(t) = -6*t + 3. Determine r(l).
-9
Let i(a) = -13*a + 6. Let d(o) = 11*o - 6. Let w(v) = 6*d(v) + 5*i(v). Calculate w(3).
-3
Let v(a) = -4*a + 1. Let m(x) = -x**2 - 13*x - 13. Suppose 0 = -l - 2 - 1. Let b(r) = -2*r**2 - 2*r. Let w be b(l). Let c be m(w). Calculate v(c).
5
Let q(m) = -m**2 + 2*m - 1. Suppose 4*u - 4 = -4*